{"id":6,"date":"2015-09-24T17:17:16","date_gmt":"2015-09-25T00:17:16","guid":{"rendered":"http:\/\/extension.wsu.edu\/latinocommunity\/?page_id=6"},"modified":"2015-12-07T13:24:14","modified_gmt":"2015-12-07T21:24:14","slug":"jose-garcia-pabon","status":"publish","type":"page","link":"https:\/\/extension.wsu.edu\/latinocommunity\/jose-garcia-pabon\/","title":{"rendered":"Jos\u00e9 Garc\u00eda-Pab\u00f3n Biography"},"content":{"rendered":"<p><a href=\"http:\/\/wpcdn.web.wsu.edu\/wp-extension\/uploads\/sites\/2106\/2015\/12\/jg-p145x183.jpg\"><img decoding=\"async\" loading=\"lazy\" class=\"alignright size-full wp-image-51\" src=\"http:\/\/wpcdn.web.wsu.edu\/wp-extension\/uploads\/sites\/2106\/2015\/12\/jg-p145x183.jpg\" alt=\"jg-p145x183\" width=\"145\" height=\"183\" \/><\/a>Phone: 425 357-6008<br \/>\nEmail: <a href=\"mailto:garciajl@wsu.edu\">garciajl@wsu.edu<\/a><\/p>\n<p>Address: 600 128th st. SE<br \/>\nEverett, WA 98208<\/p>\n<h3>Areas of Interest<\/h3>\n<ul>\n<li>Latinos in Food and Agriculture and Sustainability<\/li>\n<li>Latino Small Business Development<\/li>\n<li>Cultural Competency Working with Latino Audiences<\/li>\n<\/ul>\n<h3>Education<\/h3>\n<ul>\n<li>B.S. Agronomy, University of Kassel, Germany, 1983<\/li>\n<li>M.S. Farming Systems Research and Extension, University of Florida, 1994<\/li>\n<li>Ph.D. Agricultural Extension and Education, University of Minnesota, 2001<\/li>\n<\/ul>\n<h3>Outreach and Extension<\/h3>\n<p>I have been involved in extension and education since the early days of my professional career.\u00a0 I worked in international development and cooperation in various countries in Latin America in areas including vocational education in agriculture, technical assistance to small and limited-resource farmers and rural small business, planning and evaluation of projects in rural areas, and coordination and implementation of rural development initiatives.\u00a0 Domestically, I concentrated in areas related to Latinos in food and agriculture, sustainable agriculture, and small business and economic development.<\/p>\n<p>I am continuing this work in the position of Latino Community Studies and Outreach serving Latino communities to enhance their quality of life and collaborating with Extension educators and other professionals to provide relevant programs and effective assistance to the Latino population. I welcome partnerships with professionals and organizations serving the Latino community<\/p>\n<h3>Writings and Publications<\/h3>\n<p>Garcia, J.L. (2010).\u00a0 Farm risks among Latino farmers in Missouri: An approximation.\u00a0 Culture and Agriculture Journal.<\/p>\n<p>Garcia, J.L. (2009).\u00a0 Why don\u2019t they come?\u201d Training Needs and Approaches to Working with Latinos.\u00a0 Journal of Extension (JOE).\u00a0 Submitted<\/p>\n<p>Garcia, J.L., Lucht, J. (2009).\u00a0 Latino Farmers in Missouri: Risks, Services and Implications for Extension.\u00a0 Journal of Extension (JOE).<\/p>\n<p>Garcia, J.L., Martz, F. (2006).\u00a0 Sustainable Agriculture: Theory and Practice.\u00a0\u00a0 Undergraduate course developed for the Sustainable Agriculture Degree Program of the University of Missouri.<\/p>\n<p>Garcia, J.L., Menanteau, D. (2001).\u00a0 Ethnic Issues in the Delivery of Social Services: Characteristics and Perceptions of Hispanic Agencies.\u00a0 Journal of Ethnic and Cultural Diversity in Social Work.<\/p>\n<p>Garcia, J.L., Englund, L. (2000). Participatory Approaches to Community Development.\u00a0 Graduate course developed for the Department of Work, Community and Family Education, University of Minnesota.<\/p>\n<p>Garcia, J. L., Valderrama, F., Thevoz, L., Garcia, A., Zelada, E., Zubieta-Herrera, J. (1998).\u00a0 Municipio Productivo: Promoci\u00f3n Econ\u00f3mica Rural, (Productive Municipality: Rural Economic Promotion). La Paz, Bolivia: Swiss Agency for Cooperation and Bolivian Ministry of Agriculture, Livestock, and Rural Development.<\/p>\n<p>Garcia, J.L., Thevoz, L. (1998). La Promocion Econ\u00f3mica en los Municipios Rurales\u00a0 (The Economic Promotion in Rural Municipalities).\u00a0 Pro-Campo: Journal for Rural Development, No. 81, La Paz, Bolivia: CID.<\/p>\n<p>Garcia, J.L. (Dec. 1994). Gender Issues in Agriculture in Luribay Valley, Bolivia (Master&#8217;s Research).\u00a0 Resources in Education.\u00a0 Columbus: The Ohio State University.<\/p>\n<p>Garcia, J.L. (1983).\u00a0 An Ecclesiastic Program for Development, Education, and Action (in German). In Friedrich Naumann Foundation&#8217;s Religion and Development, Contributions to the Discussion on Reciprocal Effects and Perspectives, p. 157-165. Bonn, Germany: Liberal Publishers.<\/p>\n<p>Garcia, J.L. (1988). Course text: Introduction to Economics and Administration of Agricultural Enterprises (in Spanish), Agricultural Institute &#8220;Calasanz&#8221;, Le\u00f3n, Nicaragua.<\/p>\n","protected":false},"excerpt":{"rendered":"<p><a href=\"http:\/\/wpcdn.web.wsu.edu\/wp-extension\/uploads\/sites\/2106\/2015\/12\/jg-p145x183.jpg\"><img decoding=\"async\" loading=\"lazy\" class=\"alignright size-full wp-image-51\" src=\"http:\/\/wpcdn.web.wsu.edu\/wp-extension\/uploads\/sites\/2106\/2015\/12\/jg-p145x183.jpg\" alt=\"jg-p145x183\" width=\"145\" height=\"183\" \/><\/a>Phone: 425 357-6008<br \/> Email: <a href=\"mailto:garciajl@wsu.edu\">garciajl@wsu.edu<\/a><\/p>\n<p>Address: 600 128th st. SE<br \/> Everett, WA 98208<\/p>\n<h3>Areas of Interest<\/h3>\n<p> Latinos in Food and Agriculture and Sustainability<br \/> Latino Small Business Development<br \/> Cultural Competency Working with Latino Audiences<\/p>\n<h3>Education<\/h3>\n<p> B.S. Agronomy, University of Kassel, Germany, 1983<br \/> M.S. Farming Systems Research and Extension, University of Florida, 1994<br \/> Ph.D. Agricultural Extension and Education, University of Minnesota, 2001<\/p>\n<h3>Outreach and Extension<\/h3>\n<p>I have been involved in extension and education since the early days of my professional career.\u00a0 I worked in international development and &#8230; <a href=\"https:\/\/extension.wsu.edu\/latinocommunity\/jose-garcia-pabon\/\" class=\"more-link\"><span class=\"more-default\">&raquo; More &#8230;<\/span><\/a><\/p>\n","protected":false},"author":1,"featured_media":0,"parent":0,"menu_order":0,"comment_status":"open","ping_status":"open","template":"","meta":[],"categories":[],"tags":[],"wsuwp_university_location":[],"wsuwp_university_org":[],"_links":{"self":[{"href":"https:\/\/extension.wsu.edu\/latinocommunity\/wp-json\/wp\/v2\/pages\/6"}],"collection":[{"href":"https:\/\/extension.wsu.edu\/latinocommunity\/wp-json\/wp\/v2\/pages"}],"about":[{"href":"https:\/\/extension.wsu.edu\/latinocommunity\/wp-json\/wp\/v2\/types\/page"}],"author":[{"embeddable":true,"href":"https:\/\/extension.wsu.edu\/latinocommunity\/wp-json\/wp\/v2\/users\/1"}],"replies":[{"embeddable":true,"href":"https:\/\/extension.wsu.edu\/latinocommunity\/wp-json\/wp\/v2\/comments?post=6"}],"version-history":[{"count":4,"href":"https:\/\/extension.wsu.edu\/latinocommunity\/wp-json\/wp\/v2\/pages\/6\/revisions"}],"predecessor-version":[{"id":36,"href":"https:\/\/extension.wsu.edu\/latinocommunity\/wp-json\/wp\/v2\/pages\/6\/revisions\/36"}],"wp:attachment":[{"href":"https:\/\/extension.wsu.edu\/latinocommunity\/wp-json\/wp\/v2\/media?parent=6"}],"wp:term":[{"taxonomy":"category","embeddable":true,"href":"https:\/\/extension.wsu.edu\/latinocommunity\/wp-json\/wp\/v2\/categories?post=6"},{"taxonomy":"post_tag","embeddable":true,"href":"https:\/\/extension.wsu.edu\/latinocommunity\/wp-json\/wp\/v2\/tags?post=6"},{"taxonomy":"wsuwp_university_location","embeddable":true,"href":"https:\/\/extension.wsu.edu\/latinocommunity\/wp-json\/wp\/v2\/wsuwp_university_location?post=6"},{"taxonomy":"wsuwp_university_org","embeddable":true,"href":"https:\/\/extension.wsu.edu\/latinocommunity\/wp-json\/wp\/v2\/wsuwp_university_org?post=6"}],"curies":[{"name":"wp","href":"https:\/\/api.w.org\/{rel}","templated":true}]}}