{"id":3462,"date":"2025-05-08T14:32:09","date_gmt":"2025-05-08T21:32:09","guid":{"rendered":"https:\/\/extension.wsu.edu\/regionalsmallfarms\/?page_id=3462"},"modified":"2026-03-12T14:36:03","modified_gmt":"2026-03-12T21:36:03","slug":"living-on-the-land","status":"publish","type":"page","link":"https:\/\/extension.wsu.edu\/regionalsmallfarms\/living-on-the-land\/","title":{"rendered":"Living on the Land Workshops"},"content":{"rendered":"<div class=\"wp-block-image\">\n<figure class=\"alignright size-large is-resized\"><img decoding=\"async\" loading=\"lazy\" src=\"https:\/\/wpcdn.web.wsu.edu\/extension\/uploads\/sites\/55\/Copy-of-Living-on-the-Land-1024x791.png\" alt=\"4 photos in background with goats, a hand holding wheat, a stack of jars of preserved food, and pecking chickens- with the words Living on the Land Workshops superimposed. \" class=\"wp-image-3715\" width=\"564\" height=\"435\" srcset=\"https:\/\/wpcdn.web.wsu.edu\/extension\/uploads\/sites\/55\/Copy-of-Living-on-the-Land-1024x791.png 1024w, https:\/\/wpcdn.web.wsu.edu\/extension\/uploads\/sites\/55\/Copy-of-Living-on-the-Land-300x232.png 300w, https:\/\/wpcdn.web.wsu.edu\/extension\/uploads\/sites\/55\/Copy-of-Living-on-the-Land-768x593.png 768w, https:\/\/wpcdn.web.wsu.edu\/extension\/uploads\/sites\/55\/Copy-of-Living-on-the-Land-1536x1187.png 1536w, https:\/\/wpcdn.web.wsu.edu\/extension\/uploads\/sites\/55\/Copy-of-Living-on-the-Land.png 1650w\" sizes=\"(max-width: 564px) 100vw, 564px\" \/><\/figure><\/div>\n\n\n<p>Living on the Land Workshops are for <strong>people living on small acreage, backyard growers, and anyone interested in connecting with their local food systems.<\/strong> Classes will take place online, where people can access them from the comfort of their home, and in-person at local farms for hands-on, interactive learning. <\/p>\n\n\n\n<p>Living on the Land classes will take place throughout the year and participants can attend one class or all. Online classes have unlimited registration. In-person class size is limited and available on a first-come, first-serve basis. Tickets are available to reserve approximately one month before the class. The classes are free and open to the public.<\/p>\n\n\n\n<hr class=\"wp-block-separator has-alpha-channel-opacity\" \/>\n\n\n\n<h2 class=\"wp-block-heading  wsu-font-size--xxlarge\">Upcoming Classes<\/h2>\n\n\n\n<h3 class=\"wp-block-heading  wsu-font-size--xlarge\">Chicken Care for Beginners<\/h3>\n\n\n\n<p>Come learn the basics of keeping your flock happy, healthy, and safe.\u00a0This class is for those that are new to caring for poultry and for those who\u2019d like a refresher. The focus will be on how to raise a flock\u00a0from hatched chicks to adults, how to respond to common health issues, mistakes and misconceptions\u00a0when caring for chickens, and connecting folks with resources to further build their knowledge.<\/p>\n\n\n\n<p>Choose from one of two classes, depending on your location.<\/p>\n\n\n\n<h4 class=\"wp-block-heading\">April 6th, 6-7:30pm Poulsbo (Kitsap County) <\/h4>\n\n\n\n<p><a href=\"https:\/\/events.com\/r\/en_US\/registration\/chicken-care-for-beginners-poulsbo-poulsbo-april-1038504\">Register for the class by clicking on this link. <\/a><\/p>\n\n\n\n<h4 class=\"wp-block-heading\">April 13th, 6:30-8:30pm Port Angeles (Clallam County) <\/h4>\n\n\n\n<p><a href=\"https:\/\/events.com\/r\/en_US\/registration\/chicken-care-for-beginners-port-angeles-port-angeles-april-1038540\">Register for the class by clicking on this link. <\/a><\/p>\n\n\n\n<hr class=\"wp-block-separator has-alpha-channel-opacity\" \/>\n\n\n\n<h2 class=\"wp-block-heading  wsu-font-size--xxlarge\">Past Classes<\/h2>\n\n\n\n<h3 class=\"wp-block-heading  wsu-font-size--xlarge\">Chicken Care for Beginners<\/h3>\n\n\n\n<h4 class=\"wp-block-heading\">May 28th, 1-3pm Port Townsend (Jefferson County) <\/h4>\n\n\n\n<p><a href=\"https:\/\/extension.wsu.edu\/regionalsmallfarms\/2025\/06\/13\/living-on-the-land-workshops-chicken-care-for-beginners\/\">Read about the class here. <\/a><\/p>\n\n\n\n<p>This class will take place at Dutton Farm, where participants can see how chickens and ducks are integrated into their small farm system. We will be joined by farm owner Mickie Dutton and local heritage chicken breeder Lisa Van Horn, who has a vast amount of knowledge and experience when it comes to raising poultry. In this class participants will learn the basics of keeping chickens or other poultry and what they can do to keep their flock happy, healthy, and safe. <\/p>\n\n\n\n<h3 class=\"wp-block-heading  wsu-font-size--xlarge\">Small Ruminant Care for Beginners<\/h3>\n\n\n\n<h4 class=\"wp-block-heading\">June 3rd, 6:30-8:30pm Online<\/h4>\n\n\n\n<p><a href=\"https:\/\/youtu.be\/zNmQvlcVcEw?si=rUruNab7CDK-5UBw\">Watch a recording of the class here. <\/a><\/p>\n\n\n\n<p>This online class will serve as an introduction to what it takes to raise small ruminants, from a herd of two to a larger breeding herd. Topics covered will include feed, pasture management, predation prevention, fencing, and housing. We will be joined by Dr. Worley, a local DVM from Sound Equine, who specializes in ruminants and who will give a presentation on the basics of small ruminant health. <\/p>\n\n\n\n<h3 class=\"wp-block-heading  wsu-font-size--xlarge\">Small Ruminant Care on the Farm<\/h3>\n\n\n\n<h4 class=\"wp-block-heading\">June 8th, 12-2pm Poulsbo (Kitsap County)<\/h4>\n\n\n\n<p><a href=\"https:\/\/extension.wsu.edu\/regionalsmallfarms\/2025\/06\/27\/living-on-the-land-workshops-small-ruminant-care-on-the-farm\/\">Read about the class here. <\/a><\/p>\n\n\n\n<p>This in-person class will take place at Sage and Willow Farm in Poulsbo. The class will be taught by Roni Ryan, who has been raising both sheep and goats for over 14 years, and Katie Crawley, who owns Bard Owl Farm in Silverdale, a diversified livestock farm with sheep. The class will cover the basics of small ruminant care and the infrastructure needed to keep them safe and healthy. There will be a demonstration in hoof trimming and how to administer necessary supplements.<\/p>\n\n\n\n<h3 class=\"wp-block-heading  wsu-font-size--xlarge\">From Egg to Hen: Raising Chickens for Beginners<\/h3>\n\n\n\n<h4 class=\"wp-block-heading\">July 15th, 10-12pm Poulsbo (Kitsap County)<\/h4>\n\n\n\n<p><a href=\"https:\/\/extension.wsu.edu\/regionalsmallfarms\/2025\/07\/24\/living-on-the-land-workshops-from-egg-to-hen-raising-chickens-for-beginners\/\">Read about the class here. <\/a><\/p>\n\n\n\n<p>This in-person class will take place at local animal rescue, Happy Grounds Farm &amp; Sanctuary. The class will be taught by owner Karissa Holcombe and WSU Kitsap Extension coordinator Clare Menard.  In this class participants will learn the basics of keeping chickens or other poultry and what they can do to keep their flock happy, healthy, and safe. <\/p>\n\n\n\n<h3 class=\"wp-block-heading  wsu-font-size--xlarge\">Shearing and Fleece Prep <\/h3>\n\n\n\n<h4 class=\"wp-block-heading\">July 23rd, 1-3pm (Kitsap County)<\/h4>\n\n\n\n<p><a href=\"https:\/\/extension.wsu.edu\/regionalsmallfarms\/2025\/08\/01\/living-on-the-land-workshops-shearing-and-fleece-prep\/\">Read about the class here. <\/a><\/p>\n\n\n\n<p>This in-person class will take place at Sage &amp; Willow Farm in Poulsbo. Hosted by farmer Roni Ryan from Sage &amp; Willow Farm and shearer Elizabeth Resager. Whether you&#8217;re new to fiber animals or a seasoned shepherd, this interactive class is packed with practical skills and expert tips to elevate your fleece game.<\/p>\n\n\n\n<h3 class=\"wp-block-heading  wsu-font-size--xlarge\">Composting on a Small Scale<\/h3>\n\n\n\n<h4 class=\"wp-block-heading\">July 23rd, 5-7pm (Kitsap County)<\/h4>\n\n\n\n<p><a href=\"https:\/\/extension.wsu.edu\/regionalsmallfarms\/2025\/08\/05\/living-on-the-land-workshops-composting-at-any-scale-from-balconies-to-small-farms\/\">Read about the class here. <\/a><\/p>\n\n\n\n<p>This in-person class will take place in Kitsap County, at the Poulsbo branch of the Kitsap Regional Library. The class will be taught by WSU Clallam Food Access and Waste Prevention Coordinator Benji Astrachan. In this class participants will learn about how to make compost on scales both tiny and large, whether on the balcony of their apartment or a multi-bin system on their small farm. This includes composting systems for people with limited mobility.  <\/p>\n\n\n\n<h3 class=\"wp-block-heading  wsu-font-size--xlarge\">Preserve the Harvest: Intro to Canning<\/h3>\n\n\n\n<h4 class=\"wp-block-heading\">August 20th, 6-8pm (Virtual via Zoom)<\/h4>\n\n\n\n<p><a href=\"https:\/\/extension.wsu.edu\/sanjuan\/food-preservation\/\">Learn more and stay up to date on future classes by visiting the San Juan County WSU Extension Food Preservation Program. <\/a><\/p>\n\n\n\n<p>Learn the fundamentals of safe home&nbsp;canning&nbsp;and how&nbsp;to&nbsp;preserve food with confidence. This class covers the differences between water bath and pressure&nbsp;canning, including which foods require each method and why. Explore essential terminology, equipment, and how&nbsp;to&nbsp;find reliable, tested recipes&nbsp;to&nbsp;ensure safe and successful preservation. No equipment is necessary. WSU Food Safety\/Preservation instructor will teach techniques and explain the items needed to preserve foods in your home. This series covers all the information needed to take advantage of our amazing local produce and reduce waste in your kitchen. <\/p>\n\n\n\n<h3 class=\"wp-block-heading  wsu-font-size--xlarge\">Seed Saving on a Small Scale <\/h3>\n\n\n\n<h4 class=\"wp-block-heading\">September 9th, 12-2pm and September 11th, 10-12pm (Clallam County)<\/h4>\n\n\n\n<p><a href=\"https:\/\/extension.wsu.edu\/regionalsmallfarms\/2025\/09\/12\/living-on-the-land-workshops-seed-saving-101-part-one-and-part-two\/\">Read about the classes here.<\/a> <\/p>\n\n\n\n<p>This two-part class will cover an introduction to seed saving and then delve into more advanced topics. This class will be interactive and participants will leave with plant seeds that they can continue processing at home. <\/p>\n\n\n\n<p>Seed Saving 101 Basics: This class will cover what we need to consider when seed saving and how to plan for a successful crop. We will go over dry and wet harvesting and processing as well as proper storage of seeds. Registration coming soon. <\/p>\n\n\n\n<p>Seed Saving 201 Expanding on the Basics: This class will build upon the introductory class and introduce participants to subjects such as improving seed saving, multiyear planning, plant breeding basics and dehybridization. To attend the 201 class, participants will need to either attend the 101 class or have experience with seed saving. Registration coming soon. <\/p>\n\n\n\n<hr class=\"wp-block-separator has-alpha-channel-opacity\" \/>\n\n\n\n<h2 class=\"wp-block-heading\">Accessibility <\/h2>\n\n\n\n<p>WSU Extension programs and employment are available to all without discrimination. Evidence of noncompliance may be reported through your local WSU Extension office. Reasonable accommodations will be made for persons with disabilities and special needs who contact Clare Menard (345 6th St. Suite 550, Bremerton WA \/ clare.menard@wsu.edu \/ 360-228-7301) at least two weeks prior to the event.<\/p>\n\n\n\n<p>WSU Extension Regional Small Farms Program has acquired portable language interpretation equipment to increase more meaningful access to educational opportunities. We currently offer live Spanish interpretation when available. Persons who need Spanish translation services at our events, please contact your local Extension office at least two weeks in advance of the event. Contact Kellie Henwood, kellie.henwood@wsu.edu or call (360) 379-5610 ext. 201.<\/p>\n\n\n\n<p>El Programa Regional de Peque\u00f1as Granjas de Extensi\u00f3n de WSU tiene equipos port\u00e1tiles de interpretaci\u00f3n para facilitar el acceso a oportunidades educativas. Ofrecemos interpretaci\u00f3n al espa\u00f1ol en vivo cuando esta disponible. Si necesita servicios de interpretaci\u00f3n al espa\u00f1ol durante nuestros eventos, comun\u00edquese con su oficina local de Extensi\u00f3n con al menos dos semanas de anticipaci\u00f3n. Contacte a Kellie Henwood, escriba a kellie.henwood@wsu.edu o llame al (360) 379-5610, ext. 201.<\/p>\n\n        <div id=\"cahnrs-back-to-top\" class=\"cahnrs-back-to-top\" hidden aria-hidden=\"true\">\n            <a id=\"cahnrs-back-to-top-btn\" class=\"cahnrs-back-to-top__btn\" href=\"#product-top\" aria-label=\"Back to top\">\n                <span class=\"cahnrs-back-to-top__icon\" aria-hidden=\"true\">\u2191<\/span>\n                <span class=\"cahnrs-back-to-top__label\">Back to top<\/span>\n            <\/a>\n        <\/div>","protected":false},"excerpt":{"rendered":"<p>Living on the Land Workshops are for people living on small acreage, backyard growers, and anyone interested in connecting with their local food systems. Classes will take place online, where [&hellip;]<\/p>\n","protected":false},"author":212,"featured_media":0,"parent":0,"menu_order":0,"comment_status":"closed","ping_status":"closed","template":"","meta":{"_expiration_date":""},"categories":[],"tags":[],"_links":{"self":[{"href":"https:\/\/extension.wsu.edu\/regionalsmallfarms\/wp-json\/wp\/v2\/pages\/3462"}],"collection":[{"href":"https:\/\/extension.wsu.edu\/regionalsmallfarms\/wp-json\/wp\/v2\/pages"}],"about":[{"href":"https:\/\/extension.wsu.edu\/regionalsmallfarms\/wp-json\/wp\/v2\/types\/page"}],"author":[{"embeddable":true,"href":"https:\/\/extension.wsu.edu\/regionalsmallfarms\/wp-json\/wp\/v2\/users\/212"}],"replies":[{"embeddable":true,"href":"https:\/\/extension.wsu.edu\/regionalsmallfarms\/wp-json\/wp\/v2\/comments?post=3462"}],"version-history":[{"count":41,"href":"https:\/\/extension.wsu.edu\/regionalsmallfarms\/wp-json\/wp\/v2\/pages\/3462\/revisions"}],"predecessor-version":[{"id":3955,"href":"https:\/\/extension.wsu.edu\/regionalsmallfarms\/wp-json\/wp\/v2\/pages\/3462\/revisions\/3955"}],"wp:attachment":[{"href":"https:\/\/extension.wsu.edu\/regionalsmallfarms\/wp-json\/wp\/v2\/media?parent=3462"}],"wp:term":[{"taxonomy":"category","embeddable":true,"href":"https:\/\/extension.wsu.edu\/regionalsmallfarms\/wp-json\/wp\/v2\/categories?post=3462"},{"taxonomy":"post_tag","embeddable":true,"href":"https:\/\/extension.wsu.edu\/regionalsmallfarms\/wp-json\/wp\/v2\/tags?post=3462"}],"curies":[{"name":"wp","href":"https:\/\/api.w.org\/{rel}","templated":true}]}}