{"id":10391,"date":"2019-06-21T11:35:35","date_gmt":"2019-06-21T18:35:35","guid":{"rendered":"https:\/\/extension.wsu.edu\/skagit\/?page_id=10391"},"modified":"2025-11-17T10:16:47","modified_gmt":"2025-11-17T18:16:47","slug":"proveedores-profesionales","status":"publish","type":"page","link":"https:\/\/extension.wsu.edu\/skagit\/suicide-prevention\/proveedores-profesionales\/","title":{"rendered":"Proveedores &amp; Profesionales"},"content":{"rendered":"\n<h2 class=\"wp-block-heading\">\u00danase a nosotros en reconocimiento a<\/h2>\n\n\n\n<h3 class=\"wp-block-heading\">Conciencia de Prevencion del Suicidio<\/h3>\n\n\n\n<p>No existe una sola causa para el suicidio. Varios factores pueden aumentar el riesgo en una persona de intentar y\/o morir por suicidio. <strong>#BeThe1To <\/strong>es el mensaje de la L\u00ednea Nacional de Prevenci\u00f3n del Suicidio para el Mes Nacional de Prevenci\u00f3n del Suicidio y mucho m\u00e1s all\u00e1. En nuestra comunidad rural, podr\u00edamos conocer a alguien que ha sido afectado por una p\u00e9rdida de alg\u00fan suicidio o podr\u00eda estar experimentando pensamientos suicidas. Ay\u00fadenos a fomentar la conciencia compartiendo gr\u00e1ficas y recursos en su sitio web\/redes sociales o imprimi\u00e9ndolos para exhibirlos en su negocio\/organizaci\u00f3n.<\/p>\n\n\n\n<h4 class=\"wp-block-heading\">Kit de herramientas en redes sociales en Espa\u00f1ol<\/h4>\n\n\n\n<p>Descargue cada imagen para compartir el mensaje #BeThe1To a trav\u00e9s de sus canales en redes sociales. Estos tambi\u00e9n pueden ser imprimidos y publicados en orden en el tabl\u00f3n de anuncios, en escaparates de tiendas, negocios locales y oficinas.<\/p>\n\n\n<div class=\"wp-block-image\">\n<figure class=\"aligncenter\"><img decoding=\"async\" loading=\"lazy\" width=\"396\" height=\"396\" src=\"https:\/\/wpcdn.web.wsu.edu\/extension\/uploads\/sites\/57\/2020\/09\/Espanol-Agricultural-CANNED-MESSAGE-396x396.png\" alt=\"Farmer walking in sunset brushing hands against seed heads\" class=\"wp-image-14664\" srcset=\"https:\/\/wpcdn.web.wsu.edu\/extension\/uploads\/sites\/57\/2020\/09\/Espanol-Agricultural-CANNED-MESSAGE-396x396.png 396w, https:\/\/wpcdn.web.wsu.edu\/extension\/uploads\/sites\/57\/2020\/09\/Espanol-Agricultural-CANNED-MESSAGE-792x792.png 792w, https:\/\/wpcdn.web.wsu.edu\/extension\/uploads\/sites\/57\/2020\/09\/Espanol-Agricultural-CANNED-MESSAGE-198x198.png 198w, https:\/\/wpcdn.web.wsu.edu\/extension\/uploads\/sites\/57\/2020\/09\/Espanol-Agricultural-CANNED-MESSAGE-768x768.png 768w, https:\/\/wpcdn.web.wsu.edu\/extension\/uploads\/sites\/57\/2020\/09\/Espanol-Agricultural-CANNED-MESSAGE.png 800w\" sizes=\"(max-width: 396px) 100vw, 396px\" \/><\/figure><\/div>\n\n\n<h4 class=\"wp-block-heading\">Descargar: #BeThe1to Poster<\/h4>\n\n\n<div class=\"wp-block-image\">\n<figure class=\"aligncenter\"><img decoding=\"async\" loading=\"lazy\" width=\"396\" height=\"306\" src=\"https:\/\/wpcdn.web.wsu.edu\/extension\/uploads\/sites\/57\/2022\/05\/Skagit-Version-COPING-WITH-STRESS-IN-TOUGH-TIMES-ESP-396x306.jpg\" alt=\"Farm Stress informative brochure\" class=\"wp-image-19256\" srcset=\"https:\/\/wpcdn.web.wsu.edu\/extension\/uploads\/sites\/57\/2022\/05\/Skagit-Version-COPING-WITH-STRESS-IN-TOUGH-TIMES-ESP-396x306.jpg 396w, https:\/\/wpcdn.web.wsu.edu\/extension\/uploads\/sites\/57\/2022\/05\/Skagit-Version-COPING-WITH-STRESS-IN-TOUGH-TIMES-ESP-792x612.jpg 792w, https:\/\/wpcdn.web.wsu.edu\/extension\/uploads\/sites\/57\/2022\/05\/Skagit-Version-COPING-WITH-STRESS-IN-TOUGH-TIMES-ESP-768x593.jpg 768w, https:\/\/wpcdn.web.wsu.edu\/extension\/uploads\/sites\/57\/2022\/05\/Skagit-Version-COPING-WITH-STRESS-IN-TOUGH-TIMES-ESP-1536x1187.jpg 1536w, https:\/\/wpcdn.web.wsu.edu\/extension\/uploads\/sites\/57\/2022\/05\/Skagit-Version-COPING-WITH-STRESS-IN-TOUGH-TIMES-ESP.jpg 2000w\" sizes=\"(max-width: 396px) 100vw, 396px\" \/><\/figure><\/div>\n\n\n<h4 class=\"wp-block-heading\"><strong><a href=\"https:\/\/wpcdn.web.wsu.edu\/extension\/uploads\/sites\/57\/2022\/05\/Skagit-Version-COPING-WITH-STRESS-IN-TOUGH-TIMES-ESP.pdf\">Descargar: El manjo del Estr\u00e9s en tiepos dif\u00edciles folleto(PDF)<\/a><\/strong><\/h4>\n\n\n<div class=\"wp-block-image\">\n<figure class=\"aligncenter\"><img decoding=\"async\" loading=\"lazy\" width=\"396\" height=\"513\" src=\"https:\/\/wpcdn.web.wsu.edu\/extension\/uploads\/sites\/57\/2022\/05\/El-trabajo-agricola-puede-ser-estresante-poster-396x513.png\" alt=\"Free and confidential hotline for farm stress\" class=\"wp-image-19258\" srcset=\"https:\/\/wpcdn.web.wsu.edu\/extension\/uploads\/sites\/57\/2022\/05\/El-trabajo-agricola-puede-ser-estresante-poster-396x513.png 396w, https:\/\/wpcdn.web.wsu.edu\/extension\/uploads\/sites\/57\/2022\/05\/El-trabajo-agricola-puede-ser-estresante-poster-792x1025.png 792w, https:\/\/wpcdn.web.wsu.edu\/extension\/uploads\/sites\/57\/2022\/05\/El-trabajo-agricola-puede-ser-estresante-poster-768x994.png 768w, https:\/\/wpcdn.web.wsu.edu\/extension\/uploads\/sites\/57\/2022\/05\/El-trabajo-agricola-puede-ser-estresante-poster-1187x1536.png 1187w, https:\/\/wpcdn.web.wsu.edu\/extension\/uploads\/sites\/57\/2022\/05\/El-trabajo-agricola-puede-ser-estresante-poster.png 1545w\" sizes=\"(max-width: 396px) 100vw, 396px\" \/><\/figure><\/div>\n\n\n<h4 class=\"wp-block-heading\"><strong><a href=\"https:\/\/wpcdn.web.wsu.edu\/extension\/uploads\/sites\/57\/2022\/05\/El-trabajo-agricola-puede-ser-estresante-poster.pdf\">Descargar: El trabajo agr\u00edcola puede ser estresante poster (PDF)<\/a><\/strong><\/h4>\n\n\n\n<p class=\"has-text-align-left\">Juntos podremos prevenir el suicidio aprendiendo a ayudarnos a nosotros mismos, ayudando a otros y consultar a proveedores entrenados (l\u00edneas de ayuda y m\u00e9dicos) y buscar cuidado m\u00e9dico cuando sea necesario.<\/p>\n\n\n\n<h4 class=\"wp-block-heading\"><strong>Un mensaje de The National Action Alliance sobre la prevenci\u00f3n del suicidio.<\/strong><\/h4>\n\n\n\n<p>Considere formas de animar a su comunidad a apoyar a alguien que pueda estar luchando o en una crisis emocional. Algunos ejemplos de c\u00f3mo se puede ayudar incluyen:<\/p>\n\n\n\n<ul>\n<li>Consulte con un amigo(a) por tel\u00e9fono o por mensaje de texto para saber c\u00f3mo esta.<\/li>\n\n\n\n<li>Invite a un amigo(a) para reunirse a tomar un caf\u00e9 o para compartir una comida juntos.<\/li>\n\n\n\n<li>Envi\u00e9 una tarjeta escrita a mano para decirle que usted piensa en \u00e9l\/ella.<\/li>\n\n\n\n<li>Aprenda los riesgos y se\u00f1ales de advertencia del suicidio.<\/li>\n\n\n\n<li>Ayude a conectar a alguien que tiene dificultades con un profesional de la salud mental.<\/li>\n\n\n\n<li>Comparta el n\u00famero de The National Suicide Prevention Lifeline (1-888-628-9454), el cual provee apoyo en Espa\u00f1ol las 24 horas y los 7 d\u00edas de la semana sin costo y de forma confidencial.<\/li>\n<\/ul>\n\n\n\n<h5 class=\"wp-block-heading\"><strong>Otros recursos<\/strong><\/h5>\n\n\n\n<ul>\n<li>Apoyo a grupos de sobrevivientes de suicidio locales.<\/li>\n\n\n\n<li>Una variedad de folletos en Espa\u00f1ol, hojas informativas y panfletos sobre problemas de salud mental como ansiedad y depresi\u00f3n.<\/li>\n<\/ul>\n\n\n\n<p>[\/textblock][textblock]<\/p>\n\n\n\n<h2 class=\"wp-block-heading\">Recursos &amp; Materiales<\/h2>\n\n\n\n<h3 class=\"wp-block-heading\"><strong>Pancartas del sitio de trabajo<\/strong><\/h3>\n\n\n\n<p><a href=\"https:\/\/wpcdn.web.wsu.edu\/extension\/uploads\/sites\/57\/2020\/02\/For-the-Public_Spanish-Translated_Farmworker-Worksite-Poster.pdf\">El Trabajo Agr\u00edcola Puede ser Estresante(PDF)<\/a> Para aumentar conciencia, publique en su lugar de trabajo informes sobre se\u00f1ales de advertencia y recursos disponibles para trabajadores agr\u00edcolas que enfrentan estr\u00e9s excesivo.<\/p>\n\n\n\n<h3 class=\"wp-block-heading\"><strong>Tarjeta tama\u00f1o billetera<\/strong><\/h3>\n\n\n\n<p><a href=\"https:\/\/wpcdn.web.wsu.edu\/extension\/uploads\/sites\/57\/2019\/06\/Spanish-AG-Suicide-Prevention-Wallet-Card.pdf\">Se\u00f1ales de Advertencia de Riesgos de un Suicidio y Como Ayudar(PDF)<\/a> Este recurso puede caber en su billetera y puede servir como referencia si alguien que conoce se encuentre en un riesgo. <a href=\"https:\/\/wpcdn.web.wsu.edu\/extension\/uploads\/sites\/57\/2019\/06\/Spanish-AG-Suicide-Prevention-Wallet-Card.pdf\">Spanish Version of Wallet Card (PDF)<\/a><\/p>\n\n\n\n<h3 class=\"wp-block-heading\">Las pr\u00f3ximas capacitaciones y talleres<\/h3>\n\n\n\n<p>Para obtener m\u00e1s informaci\u00f3n sobre los pr\u00f3ximos talleres en el estado de Washington, visite: <a href=\"http:\/\/www.sprc.org\/states\/washington\">Centro de Recursos para la Prevenci\u00f3n del Suicidio: Washington<\/a><\/p>\n\n        <div id=\"cahnrs-back-to-top\" class=\"cahnrs-back-to-top\" hidden aria-hidden=\"true\">\n            <a id=\"cahnrs-back-to-top-btn\" class=\"cahnrs-back-to-top__btn\" href=\"#product-top\" aria-label=\"Back to top\">\n                <span class=\"cahnrs-back-to-top__icon\" aria-hidden=\"true\">\u2191<\/span>\n                <span class=\"cahnrs-back-to-top__label\">Back to top<\/span>\n            <\/a>\n        <\/div>","protected":false},"excerpt":{"rendered":"<p>\u00danase a nosotros en reconocimiento a CONCIENCIA DE PREVENCION DEL SUICIDIO No existe una sola causa para el suicidio. Varios factores pueden aumentar el riesgo en una persona de intentar y\/o morir por suicidio. #BeThe1To&amp;hellip;<\/p>\n","protected":false},"author":177,"featured_media":0,"parent":9692,"menu_order":0,"comment_status":"closed","ping_status":"closed","template":"","meta":{"_mi_skip_tracking":false,"_expiration_date":""},"categories":[55,58],"tags":[],"cahnrs_clean_page_nonce":"","_links":{"self":[{"href":"https:\/\/extension.wsu.edu\/skagit\/wp-json\/wp\/v2\/pages\/10391"}],"collection":[{"href":"https:\/\/extension.wsu.edu\/skagit\/wp-json\/wp\/v2\/pages"}],"about":[{"href":"https:\/\/extension.wsu.edu\/skagit\/wp-json\/wp\/v2\/types\/page"}],"author":[{"embeddable":true,"href":"https:\/\/extension.wsu.edu\/skagit\/wp-json\/wp\/v2\/users\/177"}],"replies":[{"embeddable":true,"href":"https:\/\/extension.wsu.edu\/skagit\/wp-json\/wp\/v2\/comments?post=10391"}],"version-history":[{"count":13,"href":"https:\/\/extension.wsu.edu\/skagit\/wp-json\/wp\/v2\/pages\/10391\/revisions"}],"predecessor-version":[{"id":26876,"href":"https:\/\/extension.wsu.edu\/skagit\/wp-json\/wp\/v2\/pages\/10391\/revisions\/26876"}],"up":[{"embeddable":true,"href":"https:\/\/extension.wsu.edu\/skagit\/wp-json\/wp\/v2\/pages\/9692"}],"wp:attachment":[{"href":"https:\/\/extension.wsu.edu\/skagit\/wp-json\/wp\/v2\/media?parent=10391"}],"wp:term":[{"taxonomy":"category","embeddable":true,"href":"https:\/\/extension.wsu.edu\/skagit\/wp-json\/wp\/v2\/categories?post=10391"},{"taxonomy":"post_tag","embeddable":true,"href":"https:\/\/extension.wsu.edu\/skagit\/wp-json\/wp\/v2\/tags?post=10391"}],"curies":[{"name":"wp","href":"https:\/\/api.w.org\/{rel}","templated":true}]}}